tors of (-54 + 56)*-133*o/4.
7, 19
Suppose -c = -2, l = -2*l - 4*c - 262. Let u = l + 273. What are the prime factors of u?
3, 61
Let f(t) = 4*t - 2. Let b = -16 - -13. Let q be f(b). Let v = q - -33. List the prime factors of v.
19
Let o be 3*(-1 + 8) + 3. Let j be (-7)/(2/o*3). Let x = j + 45. What are the prime factors of x?
17
Let k(l) = 12*l**2 - 51*l - 17. What are the prime factors of k(13)?
2, 337
Let j(p) = -4*p**3 + 3*p**2 + 6*p - 18. What are the prime factors of j(-7)?
1459
List the prime factors of (-363)/44*(-1 - (-746)/(-6)).
2, 11, 47
Let h = -39 - -68. Suppose 3*v - h + 11 = 0. List the prime factors of v.
2, 3
Let n(q) = q**3 + 7*q**2 - 2*q - 1. Let z be n(-6). Let j = 5 + z. List the prime factors of j.
2, 13
Let b(c) = 13*c - 5. Suppose 30 = -v + 2*v - 5*z, -2*z - 10 = 0. Let n be b(v). Suppose 3*i = 2*t + t - n, 0 = 2*i + 4. List the prime factors of t.
2, 3
Suppose -z + 437 = u, -5*u + 449 = 3*z - 2*z. List the prime factors of z.
2, 7, 31
Suppose -5*u = -2*s - 459, -s - 188 = -2*u + 2*s. Let r = 187 - u. What are the prime factors of r?
2, 3
Let u = 377 - -44. List the prime factors of u.
421
Suppose 7*k - 4 = 3*k. Let d be (7/(-4))/(k/(-4)). Suppose -4*s + d*s = 42. What are the prime factors of s?
2, 7
Let u(m) = 3 - 3*m - 6*m + 2. Let q(h) = -8*h + 6. Let x(s) = -3*q(s) + 4*u(s). What are the prime factors of x(-4)?
2, 5
Let d = 822 - -1. What are the prime factors of d?
823
Suppose 6*n + 60 = 3*n. Suppose 5*f + 4*i - 166 = 2*i, f - 32 = -i. Let v = n + f. What are the prime factors of v?
2, 7
What are the prime factors of ((-81)/12)/(-3*(-1)/(-184))?
2, 3, 23
Let c be 7/3 + 3/(-9). Suppose 59 = c*d - 67. Suppose -2*t + 75 = -d. What are the prime factors of t?
3, 23
Suppose 0 = -k - 5, -13*k + 2354 = 4*a - 15*k. List the prime factors of a.
2, 293
Suppose 4*h - 169 - 151 = 0. Let p be 1 - h - (-30)/(-10). List the prime factors of 1/3 - p/6.
2, 7
Suppose -2*t - 2*w - 6 = 0, w - 2*w = 4*t - 3. What are the prime factors of t - (5 - 2) - -66?
5, 13
Suppose -4*s + 4*o = -640, -8*o + 785 = 5*s - 10*o. What are the prime factors of s?
5, 31
Suppose 5 = -4*s + 41. Suppose 4*t - 3*t - s = 0. Suppose -2*g = -55 - t. What are the prime factors of g?
2
Let j = 238 + -161. Let t(v) = v**3 - 11*v**2 + 5*v + 3. Let l be t(10). Let h = l + j. List the prime factors of h.
2, 3, 5
Let f = -101 - -1775. List the prime factors of f.
2, 3, 31
Let n(y) = y**3 - 35*y**2 + 47*y + 2. List the prime factors of n(34).
2, 3, 37
Let v(t) = t**3 - 5*t**2 + 5*t - 7. Let o(q) = -7*q - 8. Let s be o(-2). What are the prime factors of v(s)?
59
Let x be (-8)/6*(-6)/(-4). Let i be 21*((-4)/x + -1). List the prime factors of (-4)/(-4) + (i - -1).
23
Let f = 34 - 11. Let g = 203 - 190. Let y = f - g. List the prime factors of y.
2, 5
Let p(r) = -57*r**2 - 4*r - 27. Let j be p(11). List the prime factors of j/(-88) - (-4)/(-22).
79
Let y(m) = 38*m - 6. Let u be y(1). What are the prime factors of (3 - 6 - -18)*u/6?
2, 5
Suppose -5*v + 1389 = 3*i - 666, 2*v - 808 = -4*i. Suppose -8*a + v = -922. What are the prime factors of a?
167
Let p be (3/(-2))/((-6)/8). Suppose 0 = l - p, -5*l + 4 + 26 = -5*f. List the prime factors of 0 + (-8)/f + 49.
3, 17
Let m be ((-2)/(-3))/((-6)/(-27)). Suppose -m*w + w = -156. Suppose 4*x = 42 + w. What are the prime factors of x?
2, 3, 5
Let k be 327/(-6) - (-4)/8*1. Let t = k + 151. What are the prime factors of t?
97
Let a be (-2)/(4 - 6) + 1. Let c(u) = u**2 + u. Let b(v) = 13*v**2 + 2*v + 3. Let k(o) = b(o) - 6*c(o). What are the prime factors of k(a)?
23
Suppose -13 = -3*j + z + 27, -2*z + 37 = 3*j. Let q(y) = -y**2 + 12*y + 17. Let c be q(j). What are the prime factors of c + -2 - 7*-7?
3, 17
Suppose -4373 = -5*j + 3*c, 2451 + 170 = 3*j + c. List the prime factors of j.
2, 19, 23
Suppose -728 = -3*m - 2*t, 3*t = -2*m - 2*m + 971. What are the prime factors of m?
2, 11
Suppose 0 = -o - 0*o + 9. Let h be 1*(1 + o)/(-1). Let z(q) = -3*q + 1. What are the prime factors of z(h)?
31
Let u = -53 + 91. Suppose 3*v + 2 = u. List the prime factors of v.
2, 3
Let h be (-33)/(-2*3/8). Suppose -5*i - 5 = -2*f, -4*f + 3*i + 1 + h = 0. What are the prime factors of f?
3, 5
Let a = -13 - -14. Let h be ((-12)/a + 2)*-2. Let v = 34 - h. What are the prime factors of v?
2, 7
Suppose -140*g = -131*g - 27162. What are the prime factors of g?
2, 3, 503
Suppose -4*d - d + 226 = 2*u, -3*u = 5*d - 349. Suppose -2*p - 101 = 2*j - 5*j, 0 = -4*j + 5*p + u. What are the prime factors of j?
37
Let i = -27 + 39. Suppose i = 3*q + 18. What are the prime factors of (-2)/(q/43) - 4?
3, 13
Suppose 2*g - 408 = -5*v, -248 = -2*v - v - 2*g. List the prime factors of v.
2, 5
Let q = 7 + 0. Let j(d) be the third derivative of -d**4/12 + 23*d**3/6 + d**2. What are the prime factors of j(q)?
3
Suppose -4*n + 1 = 5*t + 24, -5*n - 16 = 2*t. Let s = -3 - t. Suppose s = -3*z - 4*u + 133, z + u = -0*z + 43. What are the prime factors of z?
3, 13
Let p = 157 + -7. What are the prime factors of p?
2, 3, 5
What are the prime factors of 1 + 3 + 2182 + 65?
2251
Let k(g) = 169*g**3 + 17*g**2 - 60*g - 3. What are the prime factors of k(3)?
3, 1511
Let c(h) be the first derivative of 35*h**3/3 + 3*h**2/2 - 4*h + 20. What are the prime factors of c(2)?
2, 71
Let m(f) = f**3 - 9*f**2 + 9*f - 27. Let a be m(8). Suppose -5*p + 64 = -106. Let c = a + p. What are the prime factors of c?
3, 5
Suppose r - 20 + 17 = 0. Let c(l) = 11*l**2 - 2*l + 9. What are the prime factors of c(r)?
2, 3, 17
Let b(u) = 3*u**2 + 23*u - 35. List the prime factors of b(-24).
7, 163
Let a = -847 + 1553. What are the prime factors of a?
2, 353
List the prime factors of -36 - -35 - (-1016)/1.
5, 7, 29
Let j = 22 - 8. Suppose w - 24 = -j. Suppose 13*t - w*t - 171 = 0. What are the prime factors of t?
3, 19
What are the prime factors of (5 + -6)/(6/(-594))?
3, 11
Let y(c) = c**2 - 11*c - 353. What are the prime factors of y(-21)?
11, 29
List the prime factors of (-1)/2*(-2 + (-6378 - 4)).
2, 3, 7, 19
Let v(l) = -l**3 + 10*l**2 - 7*l - 11. Let w be 1 - -3*32/12. Let s be v(w). Suppose -129 = -s*a + 67. List the prime factors of a.
2, 7
Suppose -89*m = -83*m - 2334. What are the prime factors of m?
389
Suppose f - 1360 = -s + 103, 5*f = 20. What are the prime factors of s?
1459
List the prime factors of 1/(-8) + (-4441)/(-8).
3, 5, 37
Suppose n - 3*u = 3366, -33*n - 2*u - 10063 = -36*n. List the prime factors of n.
3, 1117
Let p = 2438 - 368. Suppose 5*f + 5*f - p = 0. What are the prime factors of f?
3, 23
Suppose 0 = 5*n - 2*n + g - 13, -4*n + 5*g = 8. Suppose -12 = -n*c + 252. What are the prime factors of c?
2, 11
Let f = 657 + -345. What are the prime factors of f?
2, 3, 13
Suppose 0 = n + 2*p - p, -4*n - p = -15. Let m be (4/n)/(3/(-15)). Let v(x) = x**2 + 2*x + 6. List the prime factors of v(m).
2, 7
Suppose -4*r - 5*p + 115 = 0, 4*p + 90 = -0*r + 2*r. List the prime factors of r.
5, 7
Suppose -x + 5 = 2. Let c(o) = 4*o - 3. Let g be c(9). Let r = g + x. What are the prime factors of r?
2, 3
Let v(w) = 95*w - 110. List the prime factors of v(9).
5, 149
Suppose -h + 0*i + i = 0, -4*h + 2*i + 8 = 0. List the prime factors of 83 + (-9)/(-3) - h.
2, 41
Suppose 0 = 5*v - 2449 - 226. List the prime factors of v.
5, 107
Suppose 10*w = 295 - 45. List the prime factors of w.
5
Suppose -2*y = 0, 5*t - 38 = 3*t - 4*y. Suppose -121 = -4*i - 0*i - 5*m, -m - t = -i. List the prime factors of i.
2, 3
Let b(m) = -29*m + 51. Let x be b(4). Let g = 87 - x. List the prime factors of g.
2, 19
Suppose 0 = -n - 4*b + 1476, -4*b = 9*n - 5*n - 5952. What are the prime factors of n?
2, 373
Let l(g) be the first derivative of -7*g**2/2 + g + 1. Let n be l(-1). Let k = -5 + n. What are the prime factors of k?
3
Let d be (-2)/(-6)*(-90 - -3). Let x = d + 33. Suppose 3*h - x = 38. List the prime factors of h.
2, 7
Suppose -5*n + 3*n + 2260 = 5*u, 2*u = -5*n + 925. List the prime factors of u.
2, 3, 5
What are the prime factors of 732*(-56)/48*(-30)/21?
2, 5, 61
Suppose 3*u = 4 + 11. Let f be 2/(-1) - (-3 + u). List the prime factors of ((-34)/f)/((-4)/(-16)).
2, 17
Let z(b) = -35*b**2 - 28*b + 32 - 15*b + 39*b**2. Let u(i) = -i**2 + 11*i - 8. Let r(t) = 9*u(t) + 2*z(t). What are the prime factors of r(9)?
2, 7
Let x be 0/(